32
20042204 (base 5) to base 11
a9555
42044422 (base 6) to base 4
10221222332
What is 141994 (base 14) in base 4?
2221330332
-121221121222102 (base 3) to base 16
-897194
201300001 (base 4) to base 16
21c01
What is 3446644 (base 8) in base 7?
10652613
What is 331a64 (base 15) in base 3?
11120202011211
258818 (base 12) to base 3
1011022110102
What is 395a4 (base 12) in base 14?
20908
-69985 (base 11) to base 5
-11213012
-126812 (base 14) to base 11
-3a23a6
1200020102100 (base 3) to base 6
31030143
22111113 (base 5) to base 6
4034052
What is -36975 (base 12) in base 8?
-220351
1113223202 (base 5) to base 14
486817
Convert 4239 (base 11) to base 2.
1010111101000
1407306 (base 8) to base 6
12301542
What is 34ad9 (base 14) in base 9?
215078
What is 434440 (base 7) in base 2?
10010100011111011
What is -18163 (base 13) in base 9?
-70561
Convert -531103 (base 6) to base 14.
-11971
100110010000011110 (base 2) to base 13
56430
-44422565 (base 7) to base 16
-3a8f50
114454 (base 14) to base 4
2033210222
What is -238567 (base 9) in base 6?
-3031011
Convert -40972 (base 15) to base 4.
-301331120
Convert -126365 (base 9) to base 10.
-76847
What is -8c14a (base 14) in base 5?
-41344033
What is -5bb841 (base 13) in base 9?
-4116561
-221022011110 (base 3) to base 2
-1111001100101101011
Convert 2462611 (base 7) to base 6.
10451504
Convert -4165601 (base 9) to base 10.
-2228311
-10101101101011010111 (base 2) to base 7
-6022001
212123410 (base 5) to base 13
254791
22223212 (base 4) to base 12
2139a
What is -a369bb (base 12) in base 7?
-30531236
What is 74849a (base 11) in base 6?
41354230
Convert 441033 (base 6) to base 12.
19179
Convert 4228b4 (base 12) to base 16.
fe488
What is -1003842 (base 9) in base 14?
-dca14
48813 (base 13) to base 12
650b0
Convert -63139 (base 13) to base 4.
-223133332
-101111000111001110 (base 2) to base 14
-5047c
1610646 (base 8) to base 7
3636433
What is -6703347 (base 8) in base 2?
-110111000011011100111
Convert 2131013022 (base 4) to base 14.
12a746
Convert 10410110 (base 6) to base 14.
81baa
What is 100354 (base 10) in base 14?
28802
-100111110010000110000 (base 2) to base 8
-4762060
-803138 (base 9) to base 11
-2a4711
221002000 (base 3) to base 10
18279
210211012110 (base 3) to base 6
13112320
817363 (base 11) to base 6
44045434
-4825090 (base 10) to base 6
-251230214
What is -14747450 (base 9) in base 16?
-7035c0
Convert 925302 (base 13) to base 3.
20102020222200
Convert -3cc0e9 (base 16) to base 13.
-a95359
What is -10101000011000 (base 2) in base 3?
-112210010
329b3d (base 14) to base 16
1a33db
What is -3b216a (base 12) in base 3?
-1211200221101
What is 639817 (base 10) in base 3?
1012111122221
What is -c71e2e (base 16) in base 10?
-13049390
Convert 3143233 (base 5) to base 12.
2677b
-11265635 (base 7) to base 15
-148a82
Convert b041 (base 14) to base 6.
352001
What is 12403011 (base 5) in base 6?
2342000
Convert -437b09 (base 13) to base 15.
-215837
-5bdd3 (base 15) to base 9
-486380
Convert -13233100131 (base 4) to base 13.
-560451
What is -92029 (base 11) in base 6?
-2514302
What is 131130 (base 12) in base 11?
1a4139
Convert 230133 (base 5) to base 6.
101452
10aa6 (base 11) to base 13
7363
-403124301 (base 5) to base 6
-54333422
Convert -7d7c (base 16) to base 2.
-111110101111100
-210541 (base 9) to base 16
-1e8ad
What is 553157 (base 8) in base 14?
4bab5
What is -561a103 (base 12) in base 6?
-1344452403
What is -1175a4 (base 11) in base 13?
-666ca
-206a82a (base 11) to base 10
-3645278
What is -2642035 (base 7) in base 4?
-1110211120
Convert -4111340 (base 6) to base 9.
-327826
Convert -181104 (base 12) to base 13.
-11780b
-344251 (base 7) to base 14
-185d1
-5042235 (base 7) to base 11
-379866
-22466658 (base 9) to base 2
-101001100111011001101111
1010111111000110 (base 2) to base 6
544154
-117272 (base 16) to base 9
-2132415
What is 1211213023 (base 4) in base 5?
101304303
What is -143223 (base 5) in base 3?
-22022120
Convert -5014745 (base 8) to base 6.
-44122501
What is -41aab (base 14) in base 8?
-465467
Convert 1ea162 (base 15) to base 6.
52110332
-50a1607 (base 11) to base 3
-121221120021220
-30c20 (base 14) to base 16
-1cb7c
-4604c0 (base 14) to base 9
-4431453
Convert -287ea2 (base 16) to base 2.
-1010000111111010100010
4736a0 (base 11) to base 6
24035132
What is -20331120 (base 5) in base 9?
-274878
What is 9aab8 (base 13) in base 8?
1044434
202012221002 (base 3) to base 10
397982
25535021 (base 7) to base 13
6369bc
-663465 (base 8) to base 16
-36735
Convert 7aa7a5 (base 12) to base 7.
22503302
1e1f1b (base 16) to base 9
3637781
4509a49 (base 11) to base 5
4010422431
What is -360624 (base 8) in base 16?
-1e194
What is 2611a21 (base 11) in base 4?
101101020221
Convert -11234301 (base 5) to base 6.
-2110151
What is -750685 (base 9) in base 10?
-446711
What is -13647226 (base 10) in base 4?
-310003311322
Convert acbab2 (base 15) to base 13.
1926c11
What is 263359 (base 12) in base 4?
2121100311
Convert 70687 (base 11) to base 15.
20923
What is -165045356 (base 7) in base 14?
-170429d
156243 (base 9) to base 11
664a3
-35534 (base 15) to base 5
-20414144
What is 300413233 (base 6) in base 14?
96056d
Convert 101111101100001001 (base 2) to base 9.
326851
Convert -4301401423 (base 5) to base 3.
-121221220011010
What is 26b5df (base 16) in base 4?
21223113133
Convert 4550710 (base 9) to base 3.
11121200210100
What is a706 (base 16) in base 15?
ca08
Convert 63a54a (base 11) to base 8.
3720306
-25521335 (base 6) to base 12
-34324b
Convert -13223200302 (base 4) to base 10.
-2013234
-31220a0 (base 12) to base 7
-141432162
164680 (base 11) to base 6
5244415
What is -133165 (base 8) in base 5?
-2443314
8739 (base 12) to base 9
22360
Convert 321204431 (base 5) to base 14.
2722c8
Convert -61321031 (base 7) to base 13.
-10a0c39
What is -1b618 (base 12) in base 6?
-512032
-4243332 (base 5) to base 6
-1312005
Convert 100001101011111001010 (base 2) to base 3.
2002002011011
What is -3006a2 (base 11) in base 2?
-1110110001010010111
Convert 2163524 (base 7) to base 3.
111121100122
Convert -487209 (base 11) to base 5.
-144132100
Convert -391612 (base 14) to base 7.
-22454322
Convert 1a6876 (base 13) to base 5.
132442114
Convert 1605391 (base 10) to base 2.
110000111111100001111
183bc3 (base 13) to base 6
21012342
195136 (base 10) to base 16
2fa40
What is -12313001011 (base 4) in base 9?
-3340614
-101101001011110 (base 2) to base 3
-1011201211
Convert 250aa (base 12) to base 7.
266323
Convert -1658237 (base 12) to base 3.
-22122112122021
What is 27b62 (base 15) in base 8?
370722
Convert 167567a (base 11) to base 12.
b54066
What is 191471 (base 12) in base 11?
279a61
-11d0e1 (base 16) to base 12
-483829
What is -242840 (base 9) in base 5?
-14141414
What is -558790 (base 15) in base 3?
-21200012221100
Convert 8a405 (base 13) to base 14.
67747
Convert -102321234 (base 5) to base 3.
-210222112201
What is 86764 (base 13) in base 9?
410217
What is 1001100100100010111110 (base 2) in base 13?
69b013
What is -100010011110000100 (base 2) in base 10?
-141188
-20002033100 (base 4) to base 15
-2b9165
Convert 586011 (base 9) to base 5.
42231432
Convert 9d96d9 (base 15) to base 8.
34550115
Convert 1525246 (base 7) to base 14.
55ccd
7b0a8d (base 15) to base 8
26322303
Convert 7c46ab (base 13) to base 9.
5488005
Convert 61242a (base 12) to base 10.
1517794
Convert 70984 (base 13) to base 15.
3eac1
Convert -1000000001010100110010 (base 2) to base 5.
-1014240303
What is -51bca (base 16) in base 3?
-122000020210
3725777 (base 8) to base 14
1ca423
-11222122022220 (base 3) to base 14
-4cdb2b
Convert 102453013 (base 6) to base 3.
10102000110100
Convert 2212324343 (base 5) to base 14.
8d2318
Convert 101100011011100110110 (base 2) to base 11.
90494a
What is 4c24b (base 16) in base 6?
10403523
Convert 4566310 (base 9) to base 5.
1112340001
-122003100303 (base 4) to base 3
-110211221202220
What is 221120012220010 (base 3) in base 16?
cf4c9e
204101201 (base 6) to base 9
6616051
116625 (base 9) to base 11
48a65
Convert -1025033 (base 6) to base 11.
-34912
126ca2 (base 14) to base 16
9ab0e
What is 5015021 (base 7) in base 13?
179825
What is -2321525 (base 6) in base 16?
-1d35d
Convert -2182b3 (base 13) to base 5.
-200223312
Convert -5640651 (base 9) to base 3.
-1220